 9360 a multiple of 3?
True
Is 149 a factor of 42282?
False
Is 1671680 a multiple of 320?
True
Is 36 a factor of 4463361?
False
Does 175 divide 915250?
True
Is 544 a factor of 2214184?
False
Is 6 a factor of 2888912?
False
Is 1063792 a multiple of 3?
False
Is 22 a factor of 14226432?
True
Is 243 a factor of 15075624?
False
Does 839 divide 18459684?
False
Does 13 divide 2569972?
False
Is 5 a factor of 4975?
True
Does 54 divide 157246?
False
Is 109968 a multiple of 118?
False
Is 100 a factor of 2512800?
True
Is 418 a factor of 374657?
False
Does 164 divide 270842?
False
Is 13 a factor of 1294241?
True
Is 326 a factor of 854909?
False
Does 512 divide 5103270?
False
Is 1554112 a multiple of 23?
False
Does 10 divide 332140?
True
Is 2071010 a multiple of 730?
True
Is 163254 a multiple of 53?
False
Is 16 a factor of 745424?
True
Is 109966 a multiple of 3?
False
Is 138792 a multiple of 12?
True
Does 1129 divide 6220772?
False
Is 521387 a multiple of 15?
False
Does 38 divide 6726464?
False
Is 2796426 a multiple of 642?
False
Is 2336581 a multiple of 174?
False
Is 568 a factor of 250819?
False
Is 4 a factor of 83214?
False
Is 3975541 a multiple of 5?
False
Is 194424 a multiple of 38?
False
Is 34 a factor of 4383450?
True
Is 269 a factor of 4532309?
False
Is 370 a factor of 1818572?
False
Is 3 a factor of 25221?
True
Is 181 a factor of 46260?
False
Does 76 divide 165072?
True
Is 23 a factor of 526445?
False
Is 55012 a multiple of 34?
True
Is 178 a factor of 356356?
True
Is 59 a factor of 5744830?
True
Is 939371 a multiple of 67?
False
Is 3 a factor of 73251?
True
Is 3245826 a multiple of 519?
True
Is 39 a factor of 215553?
True
Is 581190 a multiple of 15?
True
Is 234 a factor of 1161327?
False
Is 131560 a multiple of 286?
True
Is 30716 a multiple of 19?
False
Is 16 a factor of 140678?
False
Is 50 a factor of 636121?
False
Is 7054583 a multiple of 1698?
False
Is 94599 a multiple of 23?
True
Does 6 divide 459602?
False
Is 15198149 a multiple of 94?
False
Is 13 a factor of 497000?
False
Does 42 divide 1488757?
False
Is 89 a factor of 6954549?
True
Is 5 a factor of 7172665?
True
Is 2692775 a multiple of 13?
False
Is 602784 a multiple of 36?
True
Does 3 divide 372660?
True
Is 1180 a factor of 15210582?
False
Is 197541 a multiple of 141?
True
Is 818496 a multiple of 336?
True
Is 181 a factor of 513179?
False
Is 18 a factor of 1554498?
True
Is 50 a factor of 685000?
True
Is 190520 a multiple of 433?
True
Does 161 divide 1163495?
False
Is 647024 a multiple of 13?
False
Is 5 a factor of 1246159?
False
Is 400575 a multiple of 267?
False
Is 1521279 a multiple of 1405?
False
Does 27 divide 1561275?
True
Does 2 divide 118044?
True
Does 2 divide 6406?
True
Does 22 divide 283294?
True
Is 34 a factor of 259142?
False
Does 35 divide 14235?
False
Is 24 a factor of 10880884?
False
Is 10 a factor of 5388940?
True
Does 35 divide 49669?
False
Is 71152 a multiple of 371?
False
Is 23373 a multiple of 2?
False
Does 379 divide 145701?
False
Does 2 divide 2856155?
False
Is 59720 a multiple of 50?
False
Does 10 divide 150160?
True
Is 2531974 a multiple of 45?
False
Is 578340 a multiple of 84?
True
Does 22 divide 46288?
True
Does 63 divide 52121?
False
Is 989109 a multiple of 33?
True
Is 420942 a multiple of 38?
False
Does 64 divide 138880?
True
Is 572205 a multiple of 555?
True
Is 411681 a multiple of 18?
False
Is 2231 a factor of 34608382?
False
Is 19 a factor of 250722?
False
Does 22 divide 1458845?
False
Is 1397792 a multiple of 38?
True
Does 11 divide 133496?
True
Does 38 divide 11784?
False
Is 384 a factor of 918753?
False
Is 3508973 a multiple of 74?
False
Does 15 divide 92430?
True
Is 427776 a multiple of 4?
True
Does 20 divide 1967760?
True
Does 11 divide 323697?
True
Does 15 divide 434352?
False
Does 24 divide 21137160?
True
Is 995493 a multiple of 21?
False
Does 138 divide 179400?
True
Does 18 divide 1569513?
False
Does 15 divide 3724814?
False
Is 263 a factor of 131138?
False
Is 109693 a multiple of 2?
False
Does 11 divide 2995411?
False
Does 103 divide 44805?
True
Does 25 divide 2292825?
True
Is 4 a factor of 6538?
False
Is 137 a factor of 129158?
False
Is 7 a factor of 3239887?
True
Is 466 a factor of 351924?
False
Is 5 a factor of 82675?
True
Does 15 divide 120795?
True
Is 305 a factor of 129320?
True
Is 459525 a multiple of 165?
True
Is 88400 a multiple of 10?
True
Does 28 divide 76832?
True
Is 46 a factor of 730836?
False
Is 1468793 a multiple of 5?
False
Is 20 a factor of 782771?
False
Is 11 a factor of 239624?
True
Is 2755906 a multiple of 45?
False
Is 18 a factor of 771354?
True
Is 314618 a multiple of 51?
False
Does 7 divide 346562?
False
Is 6 a factor of 1787904?
True
Is 156 a factor of 48048?
True
Does 444 divide 129403?
False
Does 10 divide 510380?
True
Is 119 a factor of 24574928?
True
Is 2176758 a multiple of 282?
True
Is 39 a factor of 1819116?
True
Does 142 divide 273288?
False
Does 7 divide 324281?
False
Is 9273660 a multiple of 66?
True
Is 4 a factor of 317655?
False
Does 44 divide 1090936?
True
Does 21 divide 7337298?
False
Does 60 divide 5253842?
False
Is 12 a factor of 1462200?
True
Does 486 divide 340846?
False
Is 25800693 a multiple of 12?
False
Is 927130 a multiple of 139?
True
Is 40 a factor of 265560?
True
Is 3352963 a multiple of 1140?
False
Is 185 a factor of 134724?
False
Is 904232 a multiple of 52?
False
Does 215 divide 653385?
True
Does 23 divide 1992651?
True
Does 2 divide 3399091?
False
Is 9653941 a multiple of 23?
False
Is 11585812 a multiple of 28?
True
Is 942 a multiple of 10?
False
Is 33 a factor of 368897?
False
Does 18 divide 368982?
True
Does 11 divide 5143699?
True
Is 167021 a multiple of 2?
False
Is 10 a factor of 336025?
False
Does 643 divide 2422168?
False
Is 206 a factor of 6816565?
False
Is 22668 a multiple of 12?
True
Is 1133 a factor of 4389242?
True
Does 69 divide 226152?
False
Is 6359 a multiple of 2?
False
Is 61 a factor of 2256580?
False
Is 236 a factor of 242974?
False
Does 993 divide 1013523?
False
Is 646633 a multiple of 10?
False
Does 194 divide 1685740?
False
Is 428 a factor of 1069482?
False
Is 2946543 a multiple of 916?
False
Does 226 divide 493510?
False
Is 5376183 a multiple of 1101?
True
Is 111508 a multiple of 5?
False
Does 17 divide 5610?
True
Is 771688 a multiple of 23?
False
Is 1266 a factor of 3216187?
False
Does 9 divide 7819187?
False
Does 144 divide 486144?
True
Is 37 a factor of 90175?
False
Is 412 a factor of 1304392?
True
Is 119341 a multiple of 131?
True
Is 276 a factor of 260268?
True
Is 478278 a multiple of 6?
True
Is 4126272 a multiple of 12?
True
Is 112160 a multiple of 476?
False
Does 38 divide 752096?
True
Does 21 divide 75098?
False
Does 6 divide 3336392?
False
Is 3 a factor of 43263?
True
Is 3633801 a multiple of 731?
True
Is 288342 a multiple of 3?
True
Does 133 divide 12331893?
True
Does 37 divide 6715?
False
Is 5467497 a multiple of 497?
True
Is 43 a factor of 215215?
True
Does 15 divide 853185?
True
Is 64 a factor of 918080?
True
Is 55440 a multiple of 22?
True
Is 424 a factor of 369600?
False
Is 56 a factor of 20417?
False
Is 93 a factor of 261051?
True
Is 267264 a multiple of 13?
False
Is 772836 a multiple of 9?
False
Is 7917680 a multiple of 380?
True
Is 3769810 a multiple of 200?
False
Does 207 divide 5589?
True
Is 22 a factor of 78582?
False
Is 82998 a multiple of 240?
False
Does 5 divide 710?
True
Is 494 a factor of 6410638?
True
Does 2 divide 396707?
False
Is 3 a factor of 26566?
False
Is 158 a factor of 28518230?
False
Is 11 a factor of 7766561?
True
Is 209 a factor of 116358?
False
Does 422 divide 4926428?
True
Does 16 divide 3725056?
True
Is 5263103 a multiple of 11?
False
Does 261 divide 2509254?
True
Is 75210 a multiple of 10?
True
Is 33 a factor of 2286471?
True
Does 6 divide 1475563?
False
Is 25345 a multiple of 68?
False
Does 12 divide 271457?
False
Does 36 divide 44560?
False
Is 3 a factor of 741616?
False
Is 355696 a multiple of 94?
True
Is 249697 a multiple of 5?
False
Is 1252636 a multiple of 14?
True
Is 8 a factor of 12628272?
True
Is 299 a factor of 289235?
False
Does 21 divide 133710?
False
Is 3232782 a multiple of 14?
True
Is 24941 a multiple of 2?
False
Is 18 a factor of 23142?
False
Does 12 divide 1788887?
False
Does 20 divide 116260?
True
Is 95363 a multip